{"id":550,"date":"2024-03-13T16:26:15","date_gmt":"2024-03-13T15:26:15","guid":{"rendered":"https:\/\/raccord-de-soi.fr\/?page_id=550"},"modified":"2024-03-14T11:32:19","modified_gmt":"2024-03-14T10:32:19","slug":"article-routine-energetique-de-donna-eden","status":"publish","type":"page","link":"https:\/\/raccord-de-soi.fr\/index.php\/article-routine-energetique-de-donna-eden\/","title":{"rendered":"Article : Routine \u00e9nerg\u00e9tique de Donna Eden"},"content":{"rendered":"\t\t<div data-elementor-type=\"wp-page\" data-elementor-id=\"550\" class=\"elementor elementor-550\">\n\t\t\t\t<div class=\"elementor-element elementor-element-29566bb e-flex e-con-boxed e-con e-parent\" data-id=\"29566bb\" data-element_type=\"container\">\n\t\t\t\t\t<div class=\"e-con-inner\">\n\t\t<div class=\"elementor-element elementor-element-9a660cb e-con-full e-flex e-con e-child\" data-id=\"9a660cb\" data-element_type=\"container\">\n\t\t\t\t<div class=\"elementor-element elementor-element-bcc273b elementor-widget elementor-widget-heading\" data-id=\"bcc273b\" data-element_type=\"widget\" data-widget_type=\"heading.default\">\n\t\t\t\t<div class=\"elementor-widget-container\">\n\t\t\t\t\t<h2 class=\"elementor-heading-title elementor-size-default\">Routine \u00e9nerg\u00e9tique de Donna Eden<\/h2>\t\t\t\t<\/div>\n\t\t\t\t<\/div>\n\t\t\t\t<div class=\"elementor-element elementor-element-a0249c0 elementor-widget elementor-widget-heading\" data-id=\"a0249c0\" data-element_type=\"widget\" data-widget_type=\"heading.default\">\n\t\t\t\t<div class=\"elementor-widget-container\">\n\t\t\t\t\t<h4 class=\"elementor-heading-title elementor-size-default\">Daily Energy Routine<\/h4>\t\t\t\t<\/div>\n\t\t\t\t<\/div>\n\t\t\t\t<div class=\"elementor-element elementor-element-9b556fc elementor-widget__width-initial elementor-widget-mobile__width-initial elementor-widget-tablet__width-initial elementor-widget elementor-widget-text-editor\" data-id=\"9b556fc\" data-element_type=\"widget\" data-widget_type=\"text-editor.default\">\n\t\t\t\t<div class=\"elementor-widget-container\">\n\t\t\t\t\t\t\t\t\t<p>Irr\u00e9sistible\u00a0cette routine \u00e9nerg\u00e9tique !<br \/>Une belle p\u00e9pite \u00e0 savourer au quotidien\u00a0!<br \/>Vous ne pourrez plus vous en passer<\/p>\t\t\t\t\t\t\t\t<\/div>\n\t\t\t\t<\/div>\n\t\t\t\t<\/div>\n\t\t<div class=\"elementor-element elementor-element-264ab52 e-con-full e-flex e-con e-child\" data-id=\"264ab52\" data-element_type=\"container\">\n\t\t\t\t<div class=\"elementor-element elementor-element-58aebb5 elementor-widget elementor-widget-image\" data-id=\"58aebb5\" data-element_type=\"widget\" data-widget_type=\"image.default\">\n\t\t\t\t<div class=\"elementor-widget-container\">\n\t\t\t\t\t\t\t\t\t\t\t\t\t\t\t<img fetchpriority=\"high\" decoding=\"async\" width=\"1024\" height=\"1024\" src=\"https:\/\/raccord-de-soi.fr\/wp-content\/uploads\/2024\/03\/1-202403-Routine-1024x1024.png\" class=\"attachment-large size-large wp-image-549\" alt=\"\" srcset=\"https:\/\/raccord-de-soi.fr\/wp-content\/uploads\/2024\/03\/1-202403-Routine-1024x1024.png 1024w, https:\/\/raccord-de-soi.fr\/wp-content\/uploads\/2024\/03\/1-202403-Routine-300x300.png 300w, https:\/\/raccord-de-soi.fr\/wp-content\/uploads\/2024\/03\/1-202403-Routine-150x150.png 150w, https:\/\/raccord-de-soi.fr\/wp-content\/uploads\/2024\/03\/1-202403-Routine-768x768.png 768w, https:\/\/raccord-de-soi.fr\/wp-content\/uploads\/2024\/03\/1-202403-Routine.png 1500w\" sizes=\"(max-width: 1024px) 100vw, 1024px\" \/>\t\t\t\t\t\t\t\t\t\t\t\t\t\t\t<\/div>\n\t\t\t\t<\/div>\n\t\t\t\t<\/div>\n\t\t\t\t\t<\/div>\n\t\t\t\t<\/div>\n\t\t<div class=\"elementor-element elementor-element-8369877 e-flex e-con-boxed e-con e-parent\" data-id=\"8369877\" data-element_type=\"container\">\n\t\t\t\t\t<div class=\"e-con-inner\">\n\t\t\t\t\t<\/div>\n\t\t\t\t<\/div>\n\t\t<div class=\"elementor-element elementor-element-1b0d16d e-flex e-con-boxed e-con e-parent\" data-id=\"1b0d16d\" data-element_type=\"container\">\n\t\t\t\t\t<div class=\"e-con-inner\">\n\t\t<div class=\"elementor-element elementor-element-60ed567 e-con-full e-flex e-con e-child\" data-id=\"60ed567\" data-element_type=\"container\">\n\t\t\t\t<div class=\"elementor-element elementor-element-41db3ae elementor-widget__width-initial elementor-widget-mobile__width-initial elementor-widget-tablet__width-initial elementor-widget elementor-widget-text-editor\" data-id=\"41db3ae\" data-element_type=\"widget\" data-widget_type=\"text-editor.default\">\n\t\t\t\t<div class=\"elementor-widget-container\">\n\t\t\t\t\t\t\t\t\t<h5>Voici une petite routine de 5 minutes \u00e0 pratiquer chaque jour pour une grande efficacit\u00e9 !<\/h5><p>Purement et simplement j\u2019adore.<br \/>Il ne suffit que de quelques petites minutes entre le caf\u00e9 et la brosse \u00e0 dents pour\u00a0:<\/p><ul><li>Accentuer sa vitalit\u00e9,<\/li><li>Fortifier son syst\u00e8me immunitaire<\/li><li>Redynamiser son corps<\/li><li>Renforcer son \u00e9quilibre<\/li><li>Augmenter son \u00e9nergie<\/li><li>Soulager ses douleurs<\/li><li>Clarifier son esprit<\/li><li>G\u00e9rer ses \u00e9motions, etc<\/li><\/ul><p>C\u2019est un vrai tr\u00e9sor que nous a offert une grande th\u00e9rapeute am\u00e9ricaine Donna Eden. Elle fait partie des pionni\u00e8res de la psychologie \u00e9nerg\u00e9tique.<br \/>Parcourant sans rel\u00e2che le monde entier, elle a transmis sa routine, en autres enseignements \u00e0 plus de 100 000 personnes, avec parfois des ateliers de plusieurs milliers de personnes en m\u00eame temps. Sa bienveillance, sa joie de vivre et son \u00e9nergie sont extraordinaires\u2026<\/p>\t\t\t\t\t\t\t\t<\/div>\n\t\t\t\t<\/div>\n\t\t\t\t<\/div>\n\t\t<div class=\"elementor-element elementor-element-8b0233e e-con-full e-flex e-con e-child\" data-id=\"8b0233e\" data-element_type=\"container\">\n\t\t\t\t<div class=\"elementor-element elementor-element-ec19a0b elementor-widget elementor-widget-image\" data-id=\"ec19a0b\" data-element_type=\"widget\" data-widget_type=\"image.default\">\n\t\t\t\t<div class=\"elementor-widget-container\">\n\t\t\t\t\t\t\t\t\t\t\t\t\t\t\t<img decoding=\"async\" width=\"768\" height=\"532\" src=\"https:\/\/raccord-de-soi.fr\/wp-content\/uploads\/2024\/03\/Donna-Eden-Method-1-768x532.png\" class=\"attachment-medium_large size-medium_large wp-image-553\" alt=\"\" srcset=\"https:\/\/raccord-de-soi.fr\/wp-content\/uploads\/2024\/03\/Donna-Eden-Method-1-768x532.png 768w, https:\/\/raccord-de-soi.fr\/wp-content\/uploads\/2024\/03\/Donna-Eden-Method-1-300x208.png 300w, https:\/\/raccord-de-soi.fr\/wp-content\/uploads\/2024\/03\/Donna-Eden-Method-1-1024x709.png 1024w, https:\/\/raccord-de-soi.fr\/wp-content\/uploads\/2024\/03\/Donna-Eden-Method-1.png 1343w\" sizes=\"(max-width: 768px) 100vw, 768px\" \/>\t\t\t\t\t\t\t\t\t\t\t\t\t\t\t<\/div>\n\t\t\t\t<\/div>\n\t\t\t\t<\/div>\n\t\t\t\t\t<\/div>\n\t\t\t\t<\/div>\n\t\t<div class=\"elementor-element elementor-element-571e68a e-flex e-con-boxed e-con e-parent\" data-id=\"571e68a\" data-element_type=\"container\">\n\t\t\t\t\t<div class=\"e-con-inner\">\n\t\t\t\t<div class=\"elementor-element elementor-element-9db7913 elementor-widget__width-initial elementor-widget-mobile__width-initial elementor-widget-tablet__width-initial elementor-widget elementor-widget-text-editor\" data-id=\"9db7913\" data-element_type=\"widget\" data-widget_type=\"text-editor.default\">\n\t\t\t\t<div class=\"elementor-widget-container\">\n\t\t\t\t\t\t\t\t\t<p>Pour ma part, j\u2019ai ressenti un r\u00e9el changement dans ma vie, depuis que je pratique cette routine tous les jours.<br \/>Pour la mettre en place je vous conseille de trouver le moment qui est le plus juste pour vous<br \/>dans la journ\u00e9e, de pr\u00e9f\u00e9rence le matin : au r\u00e9veil, avant ou apr\u00e8s le caf\u00e9, la douche, ?&#8230; \u00e0 vous de voir\u00a0!<br \/>Et qu\u2019il est agr\u00e9able de partir de la maison reboost\u00e9e, pleine d\u2019\u00e9nergie et pr\u00eate \u00e0 croquer la vie de bon matin\u00a0!<\/p>\t\t\t\t\t\t\t\t<\/div>\n\t\t\t\t<\/div>\n\t\t\t\t\t<\/div>\n\t\t\t\t<\/div>\n\t\t<div class=\"elementor-element elementor-element-be20657 e-flex e-con-boxed e-con e-parent\" data-id=\"be20657\" data-element_type=\"container\">\n\t\t\t\t\t<div class=\"e-con-inner\">\n\t\t\t\t<div class=\"elementor-element elementor-element-92cee9e elementor-widget__width-initial elementor-widget-mobile__width-initial elementor-widget-tablet__width-initial elementor-widget elementor-widget-text-editor\" data-id=\"92cee9e\" data-element_type=\"widget\" data-widget_type=\"text-editor.default\">\n\t\t\t\t<div class=\"elementor-widget-container\">\n\t\t\t\t\t\t\t\t\t<h5>Allez\u00a0, je vous donne quelques petits conseils\u00a0:<\/h5><p>Buvez un verre d\u2019eau : l\u2019\u00e9nergie circule mieux quand votre corps est hydrat\u00e9 ;<br \/>Respirez profond\u00e9ment et tranquillement, et surtout souriez\u00a0!<br \/>\u2026 et c\u2019est parti pour 5 minutes rien qu\u2019\u00e0 soi\u00a0:<\/p><ol><li>Je <strong>REVEILLE<\/strong> mon corps et renforce mon syst\u00e8me immunitaire : les 4 coups<\/li><li><strong>J\u2019OPTIMISE<\/strong> mon \u00e9nergie et apporte clart\u00e9 \u00e0 mon esprit : Le crochet\u00e9-crois\u00e9<\/li><li><strong>J\u2019HAMONISE<\/strong> mes \u00e9nergies, j\u2019AMELIORE ma coordination : Mouvements crois\u00e9s auquel pour ma part je rajoute le mouvement des yeux *<br \/>*J\u2019imagine que mon nez est coll\u00e9 sur une grosse horloge et je regarde toutes les heures sans bouger la t\u00eate d\u2019abord dans le sens des aiguilles d\u2019une montre, puis dans le sens inverse<\/li><li><strong>J\u2019APAISE<\/strong> mon esprit et <strong>FORTIFIE<\/strong> mon pouvoir de concentration : La posture de Wayne Cook (debout ou assis)<\/li><li><strong>J\u2019AUGMENTE<\/strong> ma capacit\u00e9 de m\u00e9moire : La traction de la couronne<\/li><li>Je <strong>CREE<\/strong> de l\u2019espace \u00e0 l\u2019int\u00e9rieur de moi et DEVELOPPE mon ancrage : S\u00e9parer le ciel et la terre<\/li><li>Je <strong>RELIE<\/strong> mon \u00e9nergie : Le mouvement de l\u2019infini<\/li><li>Je <strong>CANALISE<\/strong> mon \u00e9nergie et me PROTEGE : La fermeture Eclaire<\/li><li>Je me <strong>RENFORCE<\/strong> : l\u2019Agrafe<\/li><\/ol><p>Les images sont toujours plus parlantes : je vous propose donc de visionner la d\u00e9monstration de Donna Eden, pour en d\u00e9couvrir chaque exercices<\/p>\t\t\t\t\t\t\t\t<\/div>\n\t\t\t\t<\/div>\n\t\t\t\t\t<\/div>\n\t\t\t\t<\/div>\n\t\t<div class=\"elementor-element elementor-element-889764c e-flex e-con-boxed e-con e-parent\" data-id=\"889764c\" data-element_type=\"container\">\n\t\t\t\t\t<div class=\"e-con-inner\">\n\t\t\t\t<div class=\"elementor-element elementor-element-e1b9000 elementor-widget elementor-widget-video\" data-id=\"e1b9000\" data-element_type=\"widget\" data-settings=\"{&quot;youtube_url&quot;:&quot;https:\\\/\\\/youtu.be\\\/OaMkBE3_oOk&quot;,&quot;video_type&quot;:&quot;youtube&quot;,&quot;controls&quot;:&quot;yes&quot;}\" data-widget_type=\"video.default\">\n\t\t\t\t<div class=\"elementor-widget-container\">\n\t\t\t\t\t\t\t<div class=\"elementor-wrapper elementor-open-inline\">\n\t\t\t<div class=\"elementor-video\"><\/div>\t\t<\/div>\n\t\t\t\t\t\t<\/div>\n\t\t\t\t<\/div>\n\t\t\t\t\t<\/div>\n\t\t\t\t<\/div>\n\t\t<div class=\"elementor-element elementor-element-b591572 e-flex e-con-boxed e-con e-parent\" data-id=\"b591572\" data-element_type=\"container\">\n\t\t\t\t\t<div class=\"e-con-inner\">\n\t\t\t\t<div class=\"elementor-element elementor-element-3b28dac elementor-widget__width-initial elementor-widget-mobile__width-initial elementor-widget-tablet__width-initial elementor-widget elementor-widget-text-editor\" data-id=\"3b28dac\" data-element_type=\"widget\" data-widget_type=\"text-editor.default\">\n\t\t\t\t<div class=\"elementor-widget-container\">\n\t\t\t\t\t\t\t\t\t<p><strong>Vous avez vu, c\u2019est plut\u00f4t simple\u00a0!<\/strong><\/p><p>Alors vous commencez quand\u00a0?<br \/>D\u00e8s demain\u00a0?<\/p><p>Si vous avez besoin de plus amples renseignements, surtout n\u2019h\u00e9sitez pas \u00e0 me contacter et venir me voir et je vous expliquerais tout en d\u00e9tail\u00a0!<\/p><p><strong>Et n\u2019oubliez jamais\u00a0:<\/strong><br \/>Quels que soit vos d\u00e9saccords,<br \/>Vous m\u00e9ritez de vivre en Accord de Soi\u00a0!<\/p>\t\t\t\t\t\t\t\t<\/div>\n\t\t\t\t<\/div>\n\t\t\t\t\t<\/div>\n\t\t\t\t<\/div>\n\t\t<div class=\"elementor-element elementor-element-48d1123 e-flex e-con-boxed e-con e-parent\" data-id=\"48d1123\" data-element_type=\"container\">\n\t\t\t\t\t<div class=\"e-con-inner\">\n\t\t\t\t<div class=\"elementor-element elementor-element-955f55c elementor-widget elementor-widget-spacer\" data-id=\"955f55c\" data-element_type=\"widget\" data-widget_type=\"spacer.default\">\n\t\t\t\t<div class=\"elementor-widget-container\">\n\t\t\t\t\t\t\t<div class=\"elementor-spacer\">\n\t\t\t<div class=\"elementor-spacer-inner\"><\/div>\n\t\t<\/div>\n\t\t\t\t\t\t<\/div>\n\t\t\t\t<\/div>\n\t\t\t\t\t<\/div>\n\t\t\t\t<\/div>\n\t\t\t\t<\/div>\n\t\t","protected":false},"excerpt":{"rendered":"<p>Routine \u00e9nerg\u00e9tique de Donna Eden Daily Energy Routine Irr\u00e9sistible\u00a0cette routine \u00e9nerg\u00e9tique !Une belle p\u00e9pite \u00e0 savourer au quotidien\u00a0!Vous ne pourrez plus vous en passer Voici une petite routine de 5 minutes \u00e0 pratiquer chaque jour pour une grande efficacit\u00e9 ! Purement et simplement j\u2019adore.Il ne suffit que de quelques petites minutes entre le caf\u00e9 et&hellip;&nbsp;<a href=\"https:\/\/raccord-de-soi.fr\/index.php\/article-routine-energetique-de-donna-eden\/\" class=\"\" rel=\"bookmark\">Read More &raquo;<span class=\"screen-reader-text\">Article : Routine \u00e9nerg\u00e9tique de Donna Eden<\/span><\/a><\/p>\n","protected":false},"author":1,"featured_media":0,"parent":0,"menu_order":0,"comment_status":"closed","ping_status":"closed","template":"page-templates\/template-pagebuilder-full-width.php","meta":{"neve_meta_sidebar":"","neve_meta_container":"","neve_meta_enable_content_width":"","neve_meta_content_width":0,"neve_meta_title_alignment":"","neve_meta_author_avatar":"","neve_post_elements_order":"","neve_meta_disable_header":"","neve_meta_disable_footer":"","neve_meta_disable_title":"","_themeisle_gutenberg_block_has_review":false,"footnotes":""},"class_list":["post-550","page","type-page","status-publish","hentry"],"yoast_head":"<!-- This site is optimized with the Yoast SEO plugin v27.6 - https:\/\/yoast.com\/product\/yoast-seo-wordpress\/ -->\n<title>Article : Routine \u00e9nerg\u00e9tique de Donna Eden - R&#039;Accord de Soi<\/title>\n<meta name=\"robots\" content=\"index, follow, max-snippet:-1, max-image-preview:large, max-video-preview:-1\" \/>\n<link rel=\"canonical\" href=\"https:\/\/raccord-de-soi.fr\/index.php\/article-routine-energetique-de-donna-eden\/\" \/>\n<meta property=\"og:locale\" content=\"en_US\" \/>\n<meta property=\"og:type\" content=\"article\" \/>\n<meta property=\"og:title\" content=\"Article : Routine \u00e9nerg\u00e9tique de Donna Eden - R&#039;Accord de Soi\" \/>\n<meta property=\"og:description\" content=\"Routine \u00e9nerg\u00e9tique de Donna Eden Daily Energy Routine Irr\u00e9sistible\u00a0cette routine \u00e9nerg\u00e9tique !Une belle p\u00e9pite \u00e0 savourer au quotidien\u00a0!Vous ne pourrez plus vous en passer Voici une petite routine de 5 minutes \u00e0 pratiquer chaque jour pour une grande efficacit\u00e9 ! Purement et simplement j\u2019adore.Il ne suffit que de quelques petites minutes entre le caf\u00e9 et&hellip;&nbsp;Read More &raquo;Article : Routine \u00e9nerg\u00e9tique de Donna Eden\" \/>\n<meta property=\"og:url\" content=\"https:\/\/raccord-de-soi.fr\/index.php\/article-routine-energetique-de-donna-eden\/\" \/>\n<meta property=\"og:site_name\" content=\"R&#039;Accord de Soi\" \/>\n<meta property=\"article:modified_time\" content=\"2024-03-14T10:32:19+00:00\" \/>\n<meta property=\"og:image\" content=\"https:\/\/raccord-de-soi.fr\/wp-content\/uploads\/2024\/03\/1-202403-Routine-1024x1024.png\" \/>\n<meta name=\"twitter:card\" content=\"summary_large_image\" \/>\n<meta name=\"twitter:label1\" content=\"Est. reading time\" \/>\n\t<meta name=\"twitter:data1\" content=\"3 minutes\" \/>\n<script type=\"application\/ld+json\" class=\"yoast-schema-graph\">{\"@context\":\"https:\\\/\\\/schema.org\",\"@graph\":[{\"@type\":\"WebPage\",\"@id\":\"https:\\\/\\\/raccord-de-soi.fr\\\/index.php\\\/article-routine-energetique-de-donna-eden\\\/\",\"url\":\"https:\\\/\\\/raccord-de-soi.fr\\\/index.php\\\/article-routine-energetique-de-donna-eden\\\/\",\"name\":\"Article : Routine \u00e9nerg\u00e9tique de Donna Eden - R&#039;Accord de Soi\",\"isPartOf\":{\"@id\":\"https:\\\/\\\/raccord-de-soi.fr\\\/#website\"},\"primaryImageOfPage\":{\"@id\":\"https:\\\/\\\/raccord-de-soi.fr\\\/index.php\\\/article-routine-energetique-de-donna-eden\\\/#primaryimage\"},\"image\":{\"@id\":\"https:\\\/\\\/raccord-de-soi.fr\\\/index.php\\\/article-routine-energetique-de-donna-eden\\\/#primaryimage\"},\"thumbnailUrl\":\"https:\\\/\\\/raccord-de-soi.fr\\\/wp-content\\\/uploads\\\/2024\\\/03\\\/1-202403-Routine-1024x1024.png\",\"datePublished\":\"2024-03-13T15:26:15+00:00\",\"dateModified\":\"2024-03-14T10:32:19+00:00\",\"breadcrumb\":{\"@id\":\"https:\\\/\\\/raccord-de-soi.fr\\\/index.php\\\/article-routine-energetique-de-donna-eden\\\/#breadcrumb\"},\"inLanguage\":\"en-US\",\"potentialAction\":[{\"@type\":\"ReadAction\",\"target\":[\"https:\\\/\\\/raccord-de-soi.fr\\\/index.php\\\/article-routine-energetique-de-donna-eden\\\/\"]}]},{\"@type\":\"ImageObject\",\"inLanguage\":\"en-US\",\"@id\":\"https:\\\/\\\/raccord-de-soi.fr\\\/index.php\\\/article-routine-energetique-de-donna-eden\\\/#primaryimage\",\"url\":\"https:\\\/\\\/raccord-de-soi.fr\\\/wp-content\\\/uploads\\\/2024\\\/03\\\/1-202403-Routine.png\",\"contentUrl\":\"https:\\\/\\\/raccord-de-soi.fr\\\/wp-content\\\/uploads\\\/2024\\\/03\\\/1-202403-Routine.png\",\"width\":1500,\"height\":1500},{\"@type\":\"BreadcrumbList\",\"@id\":\"https:\\\/\\\/raccord-de-soi.fr\\\/index.php\\\/article-routine-energetique-de-donna-eden\\\/#breadcrumb\",\"itemListElement\":[{\"@type\":\"ListItem\",\"position\":1,\"name\":\"Accueil\",\"item\":\"https:\\\/\\\/raccord-de-soi.fr\\\/\"},{\"@type\":\"ListItem\",\"position\":2,\"name\":\"Article : Routine \u00e9nerg\u00e9tique de Donna Eden\"}]},{\"@type\":\"WebSite\",\"@id\":\"https:\\\/\\\/raccord-de-soi.fr\\\/#website\",\"url\":\"https:\\\/\\\/raccord-de-soi.fr\\\/\",\"name\":\"R&#039;Accord de Soi\",\"description\":\"\",\"potentialAction\":[{\"@type\":\"SearchAction\",\"target\":{\"@type\":\"EntryPoint\",\"urlTemplate\":\"https:\\\/\\\/raccord-de-soi.fr\\\/?s={search_term_string}\"},\"query-input\":{\"@type\":\"PropertyValueSpecification\",\"valueRequired\":true,\"valueName\":\"search_term_string\"}}],\"inLanguage\":\"en-US\"}]}<\/script>\n<!-- \/ Yoast SEO plugin. -->","yoast_head_json":{"title":"Article : Routine \u00e9nerg\u00e9tique de Donna Eden - R&#039;Accord de Soi","robots":{"index":"index","follow":"follow","max-snippet":"max-snippet:-1","max-image-preview":"max-image-preview:large","max-video-preview":"max-video-preview:-1"},"canonical":"https:\/\/raccord-de-soi.fr\/index.php\/article-routine-energetique-de-donna-eden\/","og_locale":"en_US","og_type":"article","og_title":"Article : Routine \u00e9nerg\u00e9tique de Donna Eden - R&#039;Accord de Soi","og_description":"Routine \u00e9nerg\u00e9tique de Donna Eden Daily Energy Routine Irr\u00e9sistible\u00a0cette routine \u00e9nerg\u00e9tique !Une belle p\u00e9pite \u00e0 savourer au quotidien\u00a0!Vous ne pourrez plus vous en passer Voici une petite routine de 5 minutes \u00e0 pratiquer chaque jour pour une grande efficacit\u00e9 ! Purement et simplement j\u2019adore.Il ne suffit que de quelques petites minutes entre le caf\u00e9 et&hellip;&nbsp;Read More &raquo;Article : Routine \u00e9nerg\u00e9tique de Donna Eden","og_url":"https:\/\/raccord-de-soi.fr\/index.php\/article-routine-energetique-de-donna-eden\/","og_site_name":"R&#039;Accord de Soi","article_modified_time":"2024-03-14T10:32:19+00:00","og_image":[{"url":"https:\/\/raccord-de-soi.fr\/wp-content\/uploads\/2024\/03\/1-202403-Routine-1024x1024.png","type":"","width":"","height":""}],"twitter_card":"summary_large_image","twitter_misc":{"Est. reading time":"3 minutes"},"schema":{"@context":"https:\/\/schema.org","@graph":[{"@type":"WebPage","@id":"https:\/\/raccord-de-soi.fr\/index.php\/article-routine-energetique-de-donna-eden\/","url":"https:\/\/raccord-de-soi.fr\/index.php\/article-routine-energetique-de-donna-eden\/","name":"Article : Routine \u00e9nerg\u00e9tique de Donna Eden - R&#039;Accord de Soi","isPartOf":{"@id":"https:\/\/raccord-de-soi.fr\/#website"},"primaryImageOfPage":{"@id":"https:\/\/raccord-de-soi.fr\/index.php\/article-routine-energetique-de-donna-eden\/#primaryimage"},"image":{"@id":"https:\/\/raccord-de-soi.fr\/index.php\/article-routine-energetique-de-donna-eden\/#primaryimage"},"thumbnailUrl":"https:\/\/raccord-de-soi.fr\/wp-content\/uploads\/2024\/03\/1-202403-Routine-1024x1024.png","datePublished":"2024-03-13T15:26:15+00:00","dateModified":"2024-03-14T10:32:19+00:00","breadcrumb":{"@id":"https:\/\/raccord-de-soi.fr\/index.php\/article-routine-energetique-de-donna-eden\/#breadcrumb"},"inLanguage":"en-US","potentialAction":[{"@type":"ReadAction","target":["https:\/\/raccord-de-soi.fr\/index.php\/article-routine-energetique-de-donna-eden\/"]}]},{"@type":"ImageObject","inLanguage":"en-US","@id":"https:\/\/raccord-de-soi.fr\/index.php\/article-routine-energetique-de-donna-eden\/#primaryimage","url":"https:\/\/raccord-de-soi.fr\/wp-content\/uploads\/2024\/03\/1-202403-Routine.png","contentUrl":"https:\/\/raccord-de-soi.fr\/wp-content\/uploads\/2024\/03\/1-202403-Routine.png","width":1500,"height":1500},{"@type":"BreadcrumbList","@id":"https:\/\/raccord-de-soi.fr\/index.php\/article-routine-energetique-de-donna-eden\/#breadcrumb","itemListElement":[{"@type":"ListItem","position":1,"name":"Accueil","item":"https:\/\/raccord-de-soi.fr\/"},{"@type":"ListItem","position":2,"name":"Article : Routine \u00e9nerg\u00e9tique de Donna Eden"}]},{"@type":"WebSite","@id":"https:\/\/raccord-de-soi.fr\/#website","url":"https:\/\/raccord-de-soi.fr\/","name":"R&#039;Accord de Soi","description":"","potentialAction":[{"@type":"SearchAction","target":{"@type":"EntryPoint","urlTemplate":"https:\/\/raccord-de-soi.fr\/?s={search_term_string}"},"query-input":{"@type":"PropertyValueSpecification","valueRequired":true,"valueName":"search_term_string"}}],"inLanguage":"en-US"}]}},"_links":{"self":[{"href":"https:\/\/raccord-de-soi.fr\/index.php\/wp-json\/wp\/v2\/pages\/550","targetHints":{"allow":["GET"]}}],"collection":[{"href":"https:\/\/raccord-de-soi.fr\/index.php\/wp-json\/wp\/v2\/pages"}],"about":[{"href":"https:\/\/raccord-de-soi.fr\/index.php\/wp-json\/wp\/v2\/types\/page"}],"author":[{"embeddable":true,"href":"https:\/\/raccord-de-soi.fr\/index.php\/wp-json\/wp\/v2\/users\/1"}],"replies":[{"embeddable":true,"href":"https:\/\/raccord-de-soi.fr\/index.php\/wp-json\/wp\/v2\/comments?post=550"}],"version-history":[{"count":8,"href":"https:\/\/raccord-de-soi.fr\/index.php\/wp-json\/wp\/v2\/pages\/550\/revisions"}],"predecessor-version":[{"id":602,"href":"https:\/\/raccord-de-soi.fr\/index.php\/wp-json\/wp\/v2\/pages\/550\/revisions\/602"}],"wp:attachment":[{"href":"https:\/\/raccord-de-soi.fr\/index.php\/wp-json\/wp\/v2\/media?parent=550"}],"curies":[{"name":"wp","href":"https:\/\/api.w.org\/{rel}","templated":true}]}}